{"id":76,"date":"2017-03-05T18:11:38","date_gmt":"2017-03-05T18:11:38","guid":{"rendered":"http:\/\/basar-ori.de\/content.88-79-198-170.org-dns.com\/content\/?page_id=76"},"modified":"2025-09-28T13:47:51","modified_gmt":"2025-09-28T13:47:51","slug":"kontakt","status":"publish","type":"page","link":"https:\/\/basar-ori.de\/content\/?page_id=76","title":{"rendered":"Kontakt"},"content":{"rendered":"<p>Bei Fragen oder Anregungen erreichen Sie uns unter folgender E-Mail-Adresse: <a href=\"mailto:info@basar-ori.de?subject=Allgemeine%20Anfrage\">info@basar-ori.de<\/a><\/p>\n<div>\n<p>Das Organisationsteam stellt sich vor:<\/p>\n<ul>\n<li>Evelyn Fetzer<\/li>\n<li>Dominic Komb\u00e4cher<\/li>\n<li>Sabine Streicher<\/li>\n<li>Janina Langhans<\/li>\n<li>Nicole Neef<\/li>\n<li>Simone Jung<\/li>\n<li>Kathrin Wolf<\/li>\n<li>Corinna Banse<\/li>\n<\/ul>\n<p>Vielen Dank an alle fr\u00fcheren Mitglieder des Organisationsteam f\u00fcr die vielen tollen Basare:<br \/>\nAnnika Urbani, Monja Essich, Gabi M\u00fcller, Alexandra Schicht, Susanne Grieble, Katrin H\u00fceber, Sandra L\u00f6we, Kirsten Erb, Daniela Lachnit<\/p>\n<\/div>\n","protected":false},"excerpt":{"rendered":"<p>Bei Fragen oder Anregungen erreichen Sie uns unter folgender E-Mail-Adresse: info@basar-ori.de Das Organisationsteam stellt sich vor: Evelyn Fetzer Dominic Komb\u00e4cher Sabine Streicher Janina Langhans Nicole Neef Simone Jung Kathrin Wolf Corinna Banse Vielen Dank an alle fr\u00fcheren Mitglieder des Organisationsteam &hellip;<\/p>\n<p class=\"read-more\"> <a class=\"more-link\" href=\"https:\/\/basar-ori.de\/content\/?page_id=76\"> <span class=\"screen-reader-text\">Kontakt<\/span> Weiterlesen &raquo;<\/a><\/p>\n","protected":false},"author":1,"featured_media":0,"parent":0,"menu_order":0,"comment_status":"closed","ping_status":"closed","template":"full-width-page.php","meta":{"footnotes":""},"class_list":["post-76","page","type-page","status-publish","hentry"],"_links":{"self":[{"href":"https:\/\/basar-ori.de\/content\/index.php?rest_route=\/wp\/v2\/pages\/76","targetHints":{"allow":["GET"]}}],"collection":[{"href":"https:\/\/basar-ori.de\/content\/index.php?rest_route=\/wp\/v2\/pages"}],"about":[{"href":"https:\/\/basar-ori.de\/content\/index.php?rest_route=\/wp\/v2\/types\/page"}],"author":[{"embeddable":true,"href":"https:\/\/basar-ori.de\/content\/index.php?rest_route=\/wp\/v2\/users\/1"}],"replies":[{"embeddable":true,"href":"https:\/\/basar-ori.de\/content\/index.php?rest_route=%2Fwp%2Fv2%2Fcomments&post=76"}],"version-history":[{"count":12,"href":"https:\/\/basar-ori.de\/content\/index.php?rest_route=\/wp\/v2\/pages\/76\/revisions"}],"predecessor-version":[{"id":702,"href":"https:\/\/basar-ori.de\/content\/index.php?rest_route=\/wp\/v2\/pages\/76\/revisions\/702"}],"wp:attachment":[{"href":"https:\/\/basar-ori.de\/content\/index.php?rest_route=%2Fwp%2Fv2%2Fmedia&parent=76"}],"curies":[{"name":"wp","href":"https:\/\/api.w.org\/{rel}","templated":true}]}}

<p>Bei Fragen oder Anregungen erreichen Sie uns unter folgender E-Mail-Adresse: <a href="mailto:info@basar-ori.de?subject=Allgemeine%20Anfrage">info@basar-ori.de</a></p>
<div>
<p>Das Organisationsteam stellt sich vor:</p>
<ul>
<li>Evelyn Fetzer</li>
<li>Dominic Kombächer</li>
<li>Sabine Streicher</li>
<li>Janina Langhans</li>
<li>Nicole Neef</li>
<li>Simone Jung</li>
<li>Kathrin Wolf</li>
<li>Corinna Banse</li>
</ul>
<p>Vielen Dank an alle früheren Mitglieder des Organisationsteam für die vielen tollen Basare:<br />
Annika Urbani, Monja Essich, Gabi Müller, Alexandra Schicht, Susanne Grieble, Katrin Hüeber, Sandra Löwe, Kirsten Erb, Daniela Lachnit</p>
</div>

<p>Bei Fragen oder Anregungen erreichen Sie uns unter folgender E-Mail-Adresse: info@basar-ori.de Das Organisationsteam stellt sich vor: Evelyn Fetzer Dominic Kombächer Sabine Streicher Janina Langhans Nicole Neef Simone Jung Kathrin Wolf Corinna Banse Vielen Dank an alle früheren Mitglieder des Organisationsteam &hellip;</p>
<p class="read-more"> <a class="more-link" href="https://basar-ori.de/content/?page_id=76"> <span class="screen-reader-text">Kontakt</span> Weiterlesen &raquo;</a></p>
