{"id":387,"date":"2023-01-21T14:17:10","date_gmt":"2023-01-21T14:17:10","guid":{"rendered":"https:\/\/basar-ori.de\/content\/?page_id=387"},"modified":"2023-01-21T14:17:11","modified_gmt":"2023-01-21T14:17:11","slug":"rezept-waffelteig","status":"publish","type":"page","link":"https:\/\/basar-ori.de\/content\/?page_id=387","title":{"rendered":"Rezept Waffelteig"},"content":{"rendered":"\n<p>Zutaten: Laktosefrei!!!<\/p>\n<ul>\n<li>450g Weizenmehl Typ 405<\/li>\n<li>1\/2 P\u00e4ckchen Backpulver<\/li>\n<li>250g Pflanzenmagerine<\/li>\n<li>200g Zucker<\/li>\n<li>1 P\u00e4ckchen Vanillezucker<\/li>\n<li>3 Eier<\/li>\n<li>600ml Wasser<\/li>\n<\/ul>\n<p>Zubereitung:<\/p>\n<ol>\n<li>Magarine, Zucker und Vanillezucker mit dem R\u00fchrger\u00e4t schaumig schlagen.<\/li>\n<li>Nacheinander die Eier unterr\u00fchren.<\/li>\n<li>Mehl, Backpulver und Wasser langsam dazugeben und gut verr\u00fchren bis ein dickfl\u00fcssiger Teig entsteht.<\/li>\n<\/ol>\n<p>Bitte darauf achten den Waffelteig bis zur Abgabe im K\u00fchlschrank aufzubewahren.<\/p>\n","protected":false},"excerpt":{"rendered":"<p>Zutaten: Laktosefrei!!! 450g Weizenmehl Typ 405 1\/2 P\u00e4ckchen Backpulver 250g Pflanzenmagerine 200g Zucker 1 P\u00e4ckchen Vanillezucker 3 Eier 600ml Wasser Zubereitung: Magarine, Zucker und Vanillezucker mit dem R\u00fchrger\u00e4t schaumig schlagen. Nacheinander die Eier unterr\u00fchren. Mehl, Backpulver und Wasser langsam dazugeben &hellip;<\/p>\n<p class=\"read-more\"> <a class=\"more-link\" href=\"https:\/\/basar-ori.de\/content\/?page_id=387\"> <span class=\"screen-reader-text\">Rezept Waffelteig<\/span> Weiterlesen &raquo;<\/a><\/p>\n","protected":false},"author":3,"featured_media":0,"parent":0,"menu_order":0,"comment_status":"closed","ping_status":"closed","template":"full-width-page.php","meta":{"footnotes":""},"class_list":["post-387","page","type-page","status-publish","hentry"],"_links":{"self":[{"href":"https:\/\/basar-ori.de\/content\/index.php?rest_route=\/wp\/v2\/pages\/387","targetHints":{"allow":["GET"]}}],"collection":[{"href":"https:\/\/basar-ori.de\/content\/index.php?rest_route=\/wp\/v2\/pages"}],"about":[{"href":"https:\/\/basar-ori.de\/content\/index.php?rest_route=\/wp\/v2\/types\/page"}],"author":[{"embeddable":true,"href":"https:\/\/basar-ori.de\/content\/index.php?rest_route=\/wp\/v2\/users\/3"}],"replies":[{"embeddable":true,"href":"https:\/\/basar-ori.de\/content\/index.php?rest_route=%2Fwp%2Fv2%2Fcomments&post=387"}],"version-history":[{"count":1,"href":"https:\/\/basar-ori.de\/content\/index.php?rest_route=\/wp\/v2\/pages\/387\/revisions"}],"predecessor-version":[{"id":388,"href":"https:\/\/basar-ori.de\/content\/index.php?rest_route=\/wp\/v2\/pages\/387\/revisions\/388"}],"wp:attachment":[{"href":"https:\/\/basar-ori.de\/content\/index.php?rest_route=%2Fwp%2Fv2%2Fmedia&parent=387"}],"curies":[{"name":"wp","href":"https:\/\/api.w.org\/{rel}","templated":true}]}}